 is 12 (base 5) in base 9?
7
What is 540 (base 6) in base 12?
150
Convert -1 (base 5) to base 7.
-1
Convert 8 (base 11) to base 16.
8
Convert 1001 (base 2) to base 6.
13
What is -a (base 13) in base 16?
-a
-19 (base 10) to base 12
-17
55 (base 11) to base 14
44
What is -1 (base 8) in base 12?
-1
What is -1 (base 5) in base 9?
-1
Convert 10012 (base 3) to base 16.
56
-3 (base 12) to base 7
-3
What is -24 (base 6) in base 13?
-13
What is -11 (base 12) in base 2?
-1101
-3 (base 10) to base 3
-10
-175 (base 10) to base 13
-106
-4 (base 13) to base 6
-4
Convert 11 (base 13) to base 10.
14
-3 (base 10) to base 16
-3
Convert -121 (base 5) to base 4.
-210
What is 5 (base 11) in base 6?
5
What is -1 (base 4) in base 13?
-1
Convert -313 (base 4) to base 9.
-61
What is 101 (base 4) in base 15?
12
Convert 65 (base 9) to base 13.
47
Convert 0 (base 3) to base 8.
0
Convert 9 (base 14) to base 12.
9
-1 (base 7) to base 8
-1
What is -4 (base 16) in base 5?
-4
100 (base 3) to base 5
14
Convert 7 (base 13) to base 12.
7
What is 1011 (base 2) in base 7?
14
Convert -3 (base 7) to base 12.
-3
18 (base 16) to base 6
40
-9 (base 14) to base 7
-12
What is -10202 (base 3) in base 2?
-1100101
Convert 6d (base 14) to base 10.
97
-14 (base 8) to base 16
-c
-213 (base 6) to base 3
-10000
Convert 1 (base 4) to base 8.
1
What is -13 (base 5) in base 9?
-8
-2220 (base 3) to base 6
-210
Convert 143 (base 5) to base 7.
66
Convert 4 (base 15) to base 11.
4
Convert 0 (base 7) to base 2.
0
What is -1 (base 5) in base 16?
-1
Convert -22012 (base 3) to base 4.
-3131
What is -2 (base 3) in base 8?
-2
What is 0 (base 7) in base 16?
0
What is 2 (base 9) in base 16?
2
Convert 2 (base 7) to base 11.
2
1 (base 7) to base 2
1
-c (base 16) to base 11
-11
Convert -223 (base 6) to base 15.
-5c
-74 (base 14) to base 3
-10210
-22 (base 5) to base 11
-11
What is -3 (base 9) in base 7?
-3
What is 0 (base 12) in base 16?
0
Convert -30 (base 10) to base 7.
-42
160 (base 8) to base 9
134
Convert -363 (base 9) to base 4.
-10230
Convert -41 (base 13) to base 14.
-3b
3 (base 9) to base 7
3
-100011 (base 2) to base 15
-25
Convert -32 (base 5) to base 16.
-11
46 (base 11) to base 3
1212
-101101 (base 2) to base 5
-140
Convert 26 (base 10) to base 14.
1c
Convert 41 (base 8) to base 7.
45
-38 (base 16) to base 5
-211
What is 3 (base 16) in base 5?
3
What is -17 (base 9) in base 5?
-31
68 (base 10) to base 6
152
Convert 145 (base 7) to base 6.
214
What is -124 (base 10) in base 16?
-7c
What is 1022 (base 3) in base 2?
100011
What is 12 (base 4) in base 10?
6
1111 (base 3) to base 8
50
Convert 3 (base 11) to base 3.
10
Convert -230 (base 4) to base 7.
-62
-1001011 (base 2) to base 15
-50
Convert -2 (base 15) to base 4.
-2
d3 (base 15) to base 16
c6
What is -135 (base 9) in base 5?
-423
-12 (base 9) to base 12
-b
Convert -1101010 (base 2) to base 9.
-127
What is -15 (base 12) in base 3?
-122
What is 101 (base 2) in base 5?
10
Convert -1000 (base 2) to base 13.
-8
What is 5 (base 14) in base 15?
5
-c (base 16) to base 14
-c
What is -2 (base 11) in base 14?
-2
Convert -89 (base 14) to base 8.
-171
Convert -13 (base 7) to base 16.
-a
-1 (base 8) to base 6
-1
What is 0 (base 10) in base 14?
0
1000 (base 2) to base 6
12
Convert ab (base 14) to base 15.
a1
Convert -2 (base 10) to base 4.
-2
18 (base 16) to base 5
44
Convert -251 (base 6) to base 12.
-87
4 (base 10) to base 16
4
121 (base 3) to base 10
16
What is -3 (base 13) in base 12?
-3
147 (base 12) to base 7
403
What is 2 (base 4) in base 8?
2
21 (base 15) to base 5
111
-3 (base 4) to base 16
-3
What is -47 (base 14) in base 9?
-70
What is 1 (base 8) in base 4?
1
Convert -58 (base 10) to base 3.
-2011
What is 7 (base 10) in base 8?
7
101 (base 3) to base 9
11
What is 35 (base 6) in base 8?
27
Convert -212 (base 7) to base 6.
-255
Convert 3 (base 12) to base 8.
3
Convert -11 (base 8) to base 7.
-12
What is 42 (base 13) in base 8?
66
Convert -3 (base 14) to base 16.
-3
-4 (base 11) to base 7
-4
-1 (base 15) to base 8
-1
Convert 4 (base 11) to base 2.
100
What is -1 (base 13) in base 2?
-1
What is -1 (base 15) in base 8?
-1
154 (base 8) to base 14
7a
Convert c4 (base 13) to base 5.
1120
What is -22 (base 13) in base 7?
-40
What is -11 (base 4) in base 5?
-10
-7c (base 13) to base 6
-251
Convert -431 (base 6) to base 2.
-10100011
Convert -2323 (base 5) to base 12.
-242
What is -14 (base 10) in base 11?
-13
7 (base 10) to base 9
7
What is 4 (base 8) in base 11?
4
What is -76 (base 9) in base 11?
-63
What is -103 (base 12) in base 10?
-147
What is 2 (base 11) in base 14?
2
What is 5 (base 8) in base 11?
5
What is -3 (base 14) in base 3?
-10
What is -101 (base 2) in base 8?
-5
Convert 36 (base 10) to base 16.
24
-3 (base 15) to base 6
-3
55 (base 6) to base 4
203
2 (base 5) to base 15
2
2 (base 13) to base 8
2
Convert -1 (base 8) to base 9.
-1
e (base 16) to base 10
14
Convert 21 (base 6) to base 16.
d
13 (base 16) to base 4
103
Convert 1 (base 12) to base 14.
1
Convert 2 (base 12) to base 10.
2
0 (base 5) to base 8
0
Convert -232 (base 4) to base 15.
-31
1c (base 13) to base 9
27
What is 91 (base 10) in base 15?
61
What is 14 (base 13) in base 9?
18
What is 0 (base 10) in base 13?
0
Convert 3 (base 5) to base 7.
3
0 (base 6) to base 14
0
141 (base 9) to base 15
7d
Convert 56 (base 13) to base 4.
1013
What is -1 (base 6) in base 14?
-1
Convert 1011001 (base 2) to base 8.
131
-23 (base 5) to base 13
-10
Convert -9 (base 11) to base 4.
-21
-8 (base 16) to base 4
-20
Convert -3 (base 10) to base 7.
-3
What is -12 (base 16) in base 6?
-30
Convert 134 (base 5) to base 4.
230
Convert -50 (base 6) to base 2.
-11110
What is -32 (base 14) in base 4?
-230
What is -72 (base 10) in base 5?
-242
24 (base 5) to base 10
14
Convert -17 (base 16) to base 12.
-1b
Convert -72 (base 9) to base 10.
-65
What is 194 (base 10) in base 5?
1234
Convert 25 (base 6) to base 4.
101
What is -40 (base 15) in base 3?
-2020
What is -177 (base 15) in base 8?
-521
What is 2 (base 10) in base 13?
2
17 (base 12) to base 7
25
What is -a (base 13) in base 11?
-a
What is 4 (base 14) in base 12?
4
What is 56 (base 14) in base 15?
51
-122 (base 10) to base 6
-322
1 (base 11) to base 8
1
3 (base 15) to base 4
3
Convert 212 (base 4) to base 7.
53
220 (base 10) to base 13
13c
-10 (base 10) to base 3
-101
9 (base 12) to base 10
9
Convert 5 (base 16) to base 6.
5
Convert 1 (base 7) to base 5.
1
What is -6 (base 14) in base 7?
-6
What is 2 (base 4) in base 7?
2
-82 (base 9) to base 12
-62
Convert -1111 (base 3) to base 9.
-44
-9 (base 11) to base 13
-9
2 (base 12) to base 6
2
-226 (base 7) to base 8
-166
What is 11 (base 3) in base 7?
4
What is 13 (base 10) in base 11?
12
2 (base 11) to base 10
2
9 (base 12) to base 4
21
Convert -1 (base 15) to base 13.
-1
What is 16 (base 9) in base 12?
13
Convert 2110 (base 3) to base 13.
51
Convert -10100 (base 2) to base 5.
-40
Convert 3 (base 14) to base 5.
3
Convert -15 (base 13) to base 3.
-200
What is -12 (base 3) in base 14?
-5
Convert 3 (base 5) to base 15.
3
1033 (base 5) to base 13
b0
-4 (base 10) to base 7
-4
-3a (base 15) to base 12
-47
What is 0 (base 12) in base 16?
0
What is -3 (base 14) in base 6?
-3
What is 1 (base 15) in base 2?
1
What is 1 (base 13) in base 4?
1
12 (base 12) to base 13
11
10 (base 3) to base 13
3
-30 (base 8) to base 3
-220
Convert -120 (base 3) to base 11.
-14
Convert 12 (base 3) to base 5.
10
-156 (base 8) to base 2
-1101110
-23 (base 11) to base 16
-19
-11010 (base 2) to base 15
-1b
What is -110001 (base 2) in base 3?
-1211
37 (base 16) to base 3
2001
What is 101 (base 4) in base 10?
17
4 (base 8) to base 5
4
-12 (base 12) to base 8
-16
Convert -5 (base 12) to base 16.
-5
112 (base 3) to base 14
10
101001 (base 2) to base 5
131
What is 47 (base 14) in base 4?
333
Convert -4 (base 6) to base 15.
-4
101 (base 6) to base 11
34
-633 (base 7) to base 15
-163
434 (base 6) to base 4
2212
Convert -d (base 16) to base 2.
-1101
Convert -2112 (base 3) to base 2.
-1000100
What is -1 (base 6) in base 13?
-1
What is 100000110 (base 2) in base 16?
106
4 (base 15) to base 9
4
10011 (base 2) to base 13
16
11100 (base 2) to base 14
20
Convert 1000 (base 4) to base 2.
1000000
What is 2022 (base 3) in base 5?
222
What is -1e (base 16) in base 12?
-26
Con